?
7, 43
Suppose -14*g - 217 = 119. List the prime factors of (66/(-4))/(3/g*1).
2, 3, 11
Suppose 5*u + 27 = -b, -5*u - 24 = -0*u + 2*b. Let w be -3 - (1 - 3) - u. Suppose w*d + 7 + 42 = k, 121 = 4*k + 5*d. List the prime factors of k.
2, 17
Let y(g) = 3*g**2 + 4*g + 2. Let v be y(-4). Suppose 25 = w + 4*d, 2*d + 1 = -w + v. List the prime factors of w.
41
Let o(i) = i**3 + 9*i**2 - 4*i - 5. Let n be o(-9). Let q = 75 - n. Let k = 73 - q. What are the prime factors of k?
29
Suppose 48*x - 53*x = -20510. What are the prime factors of x?
2, 7, 293
Suppose 9*h + 15*h - 37824 = 0. List the prime factors of h.
2, 197
Suppose -7*y = -20*y + 2743. What are the prime factors of y?
211
Let n = 503 - 464. What are the prime factors of n?
3, 13
List the prime factors of 1315/(-20)*-2 - 3/6.
131
Suppose 0 = -2*h - 2, 4*h = 5*d - 1151 + 307. List the prime factors of d.
2, 3, 7
Suppose -11*q = -13*q + 20. Suppose g = -2*n, 2*n - 4*g - q = 5*n. Suppose n = d - 4*f, -2*d - 2*f + 8 = -6*f. List the prime factors of d.
2, 3
Let f be (-6 + 4)*26/(-4). List the prime factors of 0 + 45 - (15 - f).
43
Let m(q) = q**2 - 6*q - 3. Let r be m(4). Suppose 0*g - 9 = g. Let h = g - r. List the prime factors of h.
2
Let i(x) = -x**3 + 9*x**2 + x - 9. Let y(m) = 3*m - 7. Let j be y(5). List the prime factors of i(j).
3, 7
Let t(m) = -6*m**3 - 3*m**2 - 2*m. Let z be 81/15 - 2/5. Suppose 2*o - z*o = -4*a + 4, -2*o - 4 = -2*a. What are the prime factors of t(a)?
2, 5
Let k(v) = -8 - 6*v + 5 - v. Let u(r) = -r**2 - 9*r - 16. Let q be u(-7). What are the prime factors of k(q)?
11
Let f(n) = -6*n**3 + 15*n**2 - 4*n - 9 + 10*n + 7*n**3. What are the prime factors of f(-14)?
103
Let n(b) = 30*b**2 - b + 2. Let m = -15 + 16. List the prime factors of n(m).
31
Let x(q) = q**3 + 17*q**2 + 17*q - 4. Let l be x(-16). List the prime factors of 70 + (14/5 - 4/l).
73
Suppose 10*g - 7*g = -2*p + 73, -4*g + 104 = 4*p. What are the prime factors of g?
3, 7
Let f(x) be the third derivative of x**6/120 - 7*x**5/60 + x**4/3 - x**3/2 + 5*x**2. List the prime factors of f(6).
3
Let z(f) = f - 7. Let b be z(13). What are the prime factors of ((-80)/(-24))/(4/b)?
5
Suppose 3*g + 5 = 4*g. Suppose g = -5*x - 10. What are the prime factors of (-34)/x - (-1)/(-3)?
11
Suppose -k = 5*x - 3, -2*k - 1 = -7. Let p = 2 + 1. Suppose -o - p*a - a = -42, x = 2*o + a - 56. List the prime factors of o.
2, 13
Suppose 9*u - 1866 = 1347. List the prime factors of u.
3, 7, 17
Let g(h) = h + 1. Let o(u) = -306*u - 4. Let i(t) = -5*g(t) - o(t). Let p be i(1). Suppose 0 = -y + 5*y - p. List the prime factors of y.
3, 5
Let h(b) = b**3 + b + 1. Let g be (-9)/36 + (-6)/8. Let d be h(g). Let i(j) = -5*j - 1. What are the prime factors of i(d)?
2
Suppose u = 5*j + 891, -j = -4 + 7. List the prime factors of u.
2, 3, 73
Let l = 2455 + -1727. What are the prime factors of l?
2, 7, 13
Let h = -33 + 38. Suppose h*q = 15, 0*n - 95 = -2*n - 5*q. What are the prime factors of n?
2, 5
Let s(x) = x**3 - 10*x**2 + x - 4. Let i be s(10). Suppose 191 = i*g - 217. What are the prime factors of g?
2, 17
Let x(v) = -11*v**3 - 24*v**2 - v - 13. What are the prime factors of x(-7)?
2591
Suppose l - 4*w = 23, -5*l + w - 4*w = 0. Let k(d) = -4*d**2 - d**2 + d**l + d**3 + 4 - d**3 - 2*d. List the prime factors of k(6).
2, 7
Let p = 3480 - 1431. List the prime factors of p.
3, 683
Let o = 4974 + -3427. What are the prime factors of o?
7, 13, 17
Suppose -w - w = -p - 6, -w = 3*p - 3. Suppose w*b = 3*u - 528, -425 - 111 = 3*b - 5*u. List the prime factors of (1 - 3)*b/8.
43
Suppose 5*s + 1 = 4*x + 9, 4*x + s = 16. What are the prime factors of (-2 + 1)/(24/(-2096))*x?
2, 131
Let o(f) = f + 14. Let d be o(-6). Let k(v) = 2*v**2 - 13*v + 10. Let b be k(d). Suppose -s + b = -2*q - q, -s - 5*q + 10 = 0. What are the prime factors of s?
5
Let i(f) = f**2 + 2*f + 2. Let s be i(-3). Suppose -2*l - 48 = -2*c + c, -l + 240 = s*c. List the prime factors of (-1)/((-2)/c) + 1.
5
Suppose 5*k - 40 = -0*k. Let w(r) = 2*r**2 - 8*r - 10. Let u be w(5). Suppose u = 5*x - 4*x - k. What are the prime factors of x?
2
Suppose -16*b + 14*b = -12. List the prime factors of (-12)/4*(-58)/b.
29
Let v = 45 + -45. Suppose v = h + 4, 2*w = 4*w - 2*h - 84. What are the prime factors of w?
2, 19
List the prime factors of ((-6)/14 - (-38)/7) + 39.
2, 11
List the prime factors of 1 - (-24)/(-60)*-1465.
587
Let w be (-10)/(-2) + -1 + -2. Suppose 3*a - 570 = 3*x, -w*a - x + 207 = -158. What are the prime factors of a?
5, 37
Let n be (-36)/(-27) + 1/(-3). Suppose -5*y + 11 = n. List the prime factors of 18 - 3 - 1*y.
13
Suppose -953*t = -945*t - 30728. What are the prime factors of t?
23, 167
Let k(m) = m**3 - 25*m**2 - 18*m - 9. What are the prime factors of k(26)?
199
Suppose -19 = -5*p - 0*p + 2*o, -3*o - 11 = -4*p. Let x = 37 + -35. Suppose 27 = 5*g - 4*m, -p*g + x*g + m = -19. List the prime factors of g.
7
Let v(b) = 5*b**2 + 17*b - 24. List the prime factors of v(9).
2, 3, 89
Suppose 7*r - 6*r + 133 = 0. What are the prime factors of 3*2*r/(-21)?
2, 19
Let k(y) = y**3 - 23*y**2 + 104*y + 1. List the prime factors of k(23).
2393
Suppose -6*g - 7*g = -1664. What are the prime factors of ((-16)/g - (-62)/(-16)) + 67?
3, 7
Suppose -3*l = -24 - 15. Let h = l + 43. List the prime factors of h.
2, 7
Let t = 23 + -23. Suppose t = 4*g + g - 560. What are the prime factors of g?
2, 7
Let k(d) = -3*d + 9. Let m be k(4). List the prime factors of (-112)/m + 14/21.
2, 19
Let n(y) = y**2 - 3*y + 2. Let q be n(2). Suppose q = -6*s + s - 20. List the prime factors of s - -3*(7 - 0).
17
Let f be (2 + -7)*(-4)/10. Suppose -f*u + 97 = -101. Let t = -61 + u. List the prime factors of t.
2, 19
Suppose -v - 3 = 0, -10292 = -5*k + 111*v - 107*v. List the prime factors of k.
2, 257
Let u(r) = -41*r**3 - 7*r**2 + 28*r + 119. What are the prime factors of u(-5)?
3, 31, 53
Let d(y) = -y**3 + 16*y**2 + 59*y + 41. List the prime factors of d(19).
79
Let j be (-32)/(-4)*(-6)/(-4). Let s(u) = 2*u - 20 + 0*u + 3*u + 3*u - u. List the prime factors of s(j).
2
Let x be (-1 - -5) + -6 + 406 + 0. Suppose p + p - 3*k = 439, 2*p = -4*k + x. List the prime factors of p.
2, 53
List the prime factors of ((-9266)/(-791))/(1/217).
2, 31, 41
Let v(n) = -n**3 - 4*n**2 + 3*n - 37. Let k be v(-7). Suppose -2*m + 129 = -k. What are the prime factors of m?
109
Suppose 3*j - 17 = -0*j - n, -j + 5*n = 21. Suppose 0 = -2*t + j*r + 17 + 17, -t = r - 23. What are the prime factors of t?
3, 7
Let l(o) = -139*o - 4. Let z be l(-2). Suppose -5*k - a + 268 = a, 5*k - z = 4*a. List the prime factors of k.
2, 3
What are the prime factors of (6/12)/(2/2132)?
13, 41
Suppose 98*i - 100*i + 7808 = 0. List the prime factors of i.
2, 61
Let h(y) = 2*y**2 - 52*y + 62. What are the prime factors of h(31)?
2, 3, 31
List the prime factors of 2/(-3) + 14/(-6) + 396.
3, 131
Let r = -1501 + 2777. What are the prime factors of r?
2, 11, 29
Suppose 2*o + 30 = f, -2*f - 3*o = 2*o - 78. Suppose w = 3*h + f - 0, -187 = -5*w - 2*h. What are the prime factors of w?
37
Let f be (-2)/((-42)/(-3711)) + 2/(-7). Let t = f - -270. What are the prime factors of t?
3, 31
Let k(u) = u**3 + 22*u**2 + 14*u + 43. List the prime factors of k(-21).
2, 5, 19
Suppose 4*b - 9 = 7, -4*b = 5*w - 46. Let q be 452/w*(-18)/(-12). Let j = -75 + q. What are the prime factors of j?
2, 19
Let f = -5 + 8. Suppose f*z - 7*z + 12 = y, 4*z = 12. What are the prime factors of (-6 - y)/(6/(-24))?
2, 3
Let r be (1 - 5/2)/(2/(-36)). List the prime factors of 546/10 + r/(-45).
2, 3
Suppose -h = -6*h + 15. Let d = -2 + h. What are the prime factors of (-3 - -3)/d + 22?
2, 11
Let j(d) = d**3 - 5*d**2 - d + 2. Let f be j(5). Let y = f + 26. What are the prime factors of y?
23
Let y(f) = 2*f + 1. Let b be y(1). Suppose -o - 2 - b = 0. Let a = o - -25. List the prime factors of a.
2, 5
Suppose 68 = 21*p + 5. Suppose 17 - 32 = -p*z. What are the prime factors of z?
5
Let c(v) = -3*v - 9. Let w be c(-5). Suppose -7*s = -5*s - w. Suppose -s*d + 140 + 16 = 0. What are the prime factors of d?
2, 13
Let a(y) = y**2 - 2*y + 5. Suppose -u - 32 = 3*u. What are the prime factors of a(u)?
5, 17
Suppose 1326 + 3244 = t. List the prime factors of t.
2, 5, 457
Let a(y) = 3*y**2 + 2*y - 1. Let k be a(-2